{"id":2915,"date":"2020-08-25T14:22:05","date_gmt":"2020-08-25T14:22:05","guid":{"rendered":"http:\/\/cankepa.com\/?page_id=2915"},"modified":"2021-05-16T16:30:53","modified_gmt":"2021-05-16T16:30:53","slug":"biniarroi","status":"publish","type":"page","link":"https:\/\/cankepa.com\/es\/mallorca\/biniarroi\/","title":{"rendered":"Mallorca &#8211; Biniarroi"},"content":{"rendered":"<div class=\"wpb-content-wrapper\"><section class=\"vc_section\"><div class=\"vc_row wpb_row vc_row-fluid\"><div class=\"wpb_column vc_column_container vc_col-sm-2\"><div class=\"vc_column-inner\"><div class=\"wpb_wrapper\"><\/div><\/div><\/div><div class=\"wpb_column vc_column_container vc_col-sm-8\"><div class=\"vc_column-inner\"><div class=\"wpb_wrapper\"><div class=\"vc_icon_element vc_icon_element-outer vc_icon_element-align-center vc_icon_element-have-style\"><div class=\"vc_icon_element-inner vc_icon_element-color-green vc_icon_element-have-style-inner vc_icon_element-size-lg vc_icon_element-style-rounded-outline vc_icon_element-outline vc_icon_element-background-color-grey\" ><span class=\"vc_icon_element-icon fas fa-mountain\" ><\/span><\/div><\/div>\n\t<div class=\"wpb_text_column wpb_content_element \" >\n\t\t<div class=\"wpb_wrapper\">\n\t\t\t<h2 style=\"text-align: center;\"><span style=\"color: #66b80f;\">\u00b7 Biniarroi \u00b7<\/span><\/h2>\n\n\t\t<\/div>\n\t<\/div>\n\n\t<div class=\"wpb_text_column wpb_content_element \" >\n\t\t<div class=\"wpb_wrapper\">\n\t\t\t<h1 style=\"text-align: center;\">La aldea deshabitada con las mejores vistas<br \/>\nsobre el centro de Mallorca<\/h1>\n\n\t\t<\/div>\n\t<\/div>\n<\/div><\/div><\/div><div class=\"wpb_column vc_column_container vc_col-sm-2\"><div class=\"vc_column-inner\"><div class=\"wpb_wrapper\"><\/div><\/div><\/div><\/div><\/section><section class=\"vc_section\"><div class=\"vc_row wpb_row vc_row-fluid\"><div class=\"wpb_column vc_column_container vc_col-sm-2\"><div class=\"vc_column-inner\"><div class=\"wpb_wrapper\"><\/div><\/div><\/div><div class=\"wpb_column vc_column_container vc_col-sm-8\"><div class=\"vc_column-inner\"><div class=\"wpb_wrapper\">\n\t<div  class=\"wpb_single_image wpb_content_element vc_align_center\">\n\t\t\n\t\t<figure class=\"wpb_wrapper vc_figure\">\n\t\t\t<div class=\"vc_single_image-wrapper vc_box_circle  vc_box_border_grey\"><img decoding=\"async\" class=\"vc_single_image-img \" src=\"https:\/\/cankepa.com\/wp-content\/uploads\/2020\/04\/casa-de-campo-piscina-rota-na-fiola-mallorca-biniarroi-24-Can-Kepa-400x400.jpg\" width=\"400\" height=\"400\" alt=\"Biniarroi y el Puig (monte) de Santa Margalida al fondo\" title=\"Biniarroi y el Puig (monte) de Santa Margalida al fondo\" loading=\"lazy\" \/><\/div>\n\t\t<\/figure>\n\t<\/div>\n\n\t<div class=\"wpb_text_column wpb_content_element \" >\n\t\t<div class=\"wpb_wrapper\">\n\t\t\t<p style=\"text-align: center;\">Biniarroi es una antigua aldea abandonada en la sierra de Tramuntana en el centro de Mallorca.<\/p>\n<p style=\"text-align: center;\">Es parte del municipio de Mancor del Valle.<\/p>\n<p style=\"text-align: center;\">Actualmente la aldea est\u00e1 siendo rehabilitada para el turismo.<\/p>\n\n\t\t<\/div>\n\t<\/div>\n<\/div><\/div><\/div><div class=\"wpb_column vc_column_container vc_col-sm-2\"><div class=\"vc_column-inner\"><div class=\"wpb_wrapper\"><\/div><\/div><\/div><\/div><\/section><section class=\"vc_section\"><div class=\"vc_row wpb_row vc_row-fluid\"><div class=\"wpb_column vc_column_container vc_col-sm-2\"><div class=\"vc_column-inner\"><div class=\"wpb_wrapper\"><\/div><\/div><\/div><div class=\"wpb_column vc_column_container vc_col-sm-8\"><div class=\"vc_column-inner\"><div class=\"wpb_wrapper\"><div class=\"vc_icon_element vc_icon_element-outer vc_icon_element-align-center vc_icon_element-have-style\"><div class=\"vc_icon_element-inner vc_icon_element-color-white vc_icon_element-have-style-inner vc_icon_element-size-lg vc_icon_element-style-rounded vc_icon_element-background vc_icon_element-background-color-juicy_pink\" ><span class=\"vc_icon_element-icon entypo-icon entypo-icon-traffic-cone\" ><\/span><\/div><\/div>\n\t<div class=\"wpb_text_column wpb_content_element \" >\n\t\t<div class=\"wpb_wrapper\">\n\t\t\t<p style=\"text-align: center;\">M\u00e1s informaci\u00f3n muy pronto.<\/p>\n\n\t\t<\/div>\n\t<\/div>\n<\/div><\/div><\/div><div class=\"wpb_column vc_column_container vc_col-sm-2\"><div class=\"vc_column-inner\"><div class=\"wpb_wrapper\"><\/div><\/div><\/div><\/div><\/section><section class=\"vc_section\"><\/section>\n<\/div>","protected":false},"excerpt":{"rendered":"\u00b7 Biniarroi \u00b7 La aldea deshabitada con las mejores vistas sobre el centro de Mallorca Biniarroi es una antigua aldea abandonada en la sierra de Tramuntana en el centro de Mallorca. Es parte del municipio de Mancor del Valle. Actualmente la aldea est\u00e1 siendo rehabilitada para el turismo. M\u00e1s informaci\u00f3n muy pronto.","protected":false},"author":1,"featured_media":0,"parent":47,"menu_order":2,"comment_status":"closed","ping_status":"closed","template":"","meta":{"footnotes":""},"yoast_head":"<!-- This site is optimized with the Yoast SEO plugin v23.5 - https:\/\/yoast.com\/wordpress\/plugins\/seo\/ -->\n<title>Informaci\u00f3n de Biniarroi \u00b7 Conoce el centro de la \u00edsla desde nuestra villa<\/title>\n<meta name=\"description\" content=\"\u00bfNo has oido hablar de esta aldea? Encuentra toda la informaci\u00f3n que necesitas saber sobre Biniarroi y Mancor del Valle\" \/>\n<meta name=\"robots\" content=\"index, follow, max-snippet:-1, max-image-preview:large, max-video-preview:-1\" \/>\n<link rel=\"canonical\" href=\"https:\/\/cankepa.com\/es\/mallorca\/biniarroi\/\" \/>\n<meta property=\"og:locale\" content=\"es_ES\" \/>\n<meta property=\"og:type\" content=\"article\" \/>\n<meta property=\"og:title\" content=\"Informaci\u00f3n de Biniarroi \u00b7 Conoce el centro de la \u00edsla desde nuestra villa\" \/>\n<meta property=\"og:description\" content=\"\u00bfNo has oido hablar de esta aldea? Encuentra toda la informaci\u00f3n que necesitas saber sobre Biniarroi y Mancor del Valle\" \/>\n<meta property=\"og:url\" content=\"https:\/\/cankepa.com\/es\/mallorca\/biniarroi\/\" \/>\n<meta property=\"og:site_name\" content=\"Ca\u00b4n Kepa\" \/>\n<meta property=\"article:modified_time\" content=\"2021-05-16T16:30:53+00:00\" \/>\n<meta name=\"twitter:card\" content=\"summary_large_image\" \/>\n<meta name=\"twitter:label1\" content=\"Tiempo de lectura\" \/>\n\t<meta name=\"twitter:data1\" content=\"3 minutos\" \/>\n<script type=\"application\/ld+json\" class=\"yoast-schema-graph\">{\"@context\":\"https:\/\/schema.org\",\"@graph\":[{\"@type\":\"WebPage\",\"@id\":\"https:\/\/cankepa.com\/mallorca\/biniarroi\/\",\"url\":\"https:\/\/cankepa.com\/mallorca\/biniarroi\/\",\"name\":\"Informaci\u00f3n de Biniarroi \u00b7 Conoce el centro de la \u00edsla desde nuestra villa\",\"isPartOf\":{\"@id\":\"https:\/\/cankepa.com\/es\/#website\"},\"datePublished\":\"2020-08-25T14:22:05+00:00\",\"dateModified\":\"2021-05-16T16:30:53+00:00\",\"description\":\"\u00bfNo has oido hablar de esta aldea? Encuentra toda la informaci\u00f3n que necesitas saber sobre Biniarroi y Mancor del Valle\",\"breadcrumb\":{\"@id\":\"https:\/\/cankepa.com\/mallorca\/biniarroi\/#breadcrumb\"},\"inLanguage\":\"es\",\"potentialAction\":[{\"@type\":\"ReadAction\",\"target\":[\"https:\/\/cankepa.com\/mallorca\/biniarroi\/\"]}]},{\"@type\":\"BreadcrumbList\",\"@id\":\"https:\/\/cankepa.com\/mallorca\/biniarroi\/#breadcrumb\",\"itemListElement\":[{\"@type\":\"ListItem\",\"position\":1,\"name\":\"Portada\",\"item\":\"https:\/\/cankepa.com\/es\/\"},{\"@type\":\"ListItem\",\"position\":2,\"name\":\"Mallorca\",\"item\":\"https:\/\/cankepa.com\/mallorca\/\"},{\"@type\":\"ListItem\",\"position\":3,\"name\":\"Mallorca &#8211; Biniarroi\"}]},{\"@type\":\"WebSite\",\"@id\":\"https:\/\/cankepa.com\/es\/#website\",\"url\":\"https:\/\/cankepa.com\/es\/\",\"name\":\"Ca\u00b4n Kepa\",\"description\":\"Rural houses &amp; villas\",\"publisher\":{\"@id\":\"https:\/\/cankepa.com\/es\/#organization\"},\"potentialAction\":[{\"@type\":\"SearchAction\",\"target\":{\"@type\":\"EntryPoint\",\"urlTemplate\":\"https:\/\/cankepa.com\/es\/?s={search_term_string}\"},\"query-input\":{\"@type\":\"PropertyValueSpecification\",\"valueRequired\":true,\"valueName\":\"search_term_string\"}}],\"inLanguage\":\"es\"},{\"@type\":\"Organization\",\"@id\":\"https:\/\/cankepa.com\/es\/#organization\",\"name\":\"Ca'n Kepa\",\"url\":\"https:\/\/cankepa.com\/es\/\",\"logo\":{\"@type\":\"ImageObject\",\"inLanguage\":\"es\",\"@id\":\"https:\/\/cankepa.com\/es\/#\/schema\/logo\/image\/\",\"url\":\"https:\/\/cankepa.com\/wp-content\/uploads\/2020\/08\/200820-Logo-Can-Kepa-FINAL-47-1.png\",\"contentUrl\":\"https:\/\/cankepa.com\/wp-content\/uploads\/2020\/08\/200820-Logo-Can-Kepa-FINAL-47-1.png\",\"width\":1278,\"height\":283,\"caption\":\"Ca'n Kepa\"},\"image\":{\"@id\":\"https:\/\/cankepa.com\/es\/#\/schema\/logo\/image\/\"}}]}<\/script>\n<!-- \/ Yoast SEO plugin. -->","yoast_head_json":{"title":"Informaci\u00f3n de Biniarroi \u00b7 Conoce el centro de la \u00edsla desde nuestra villa","description":"\u00bfNo has oido hablar de esta aldea? Encuentra toda la informaci\u00f3n que necesitas saber sobre Biniarroi y Mancor del Valle","robots":{"index":"index","follow":"follow","max-snippet":"max-snippet:-1","max-image-preview":"max-image-preview:large","max-video-preview":"max-video-preview:-1"},"canonical":"https:\/\/cankepa.com\/es\/mallorca\/biniarroi\/","og_locale":"es_ES","og_type":"article","og_title":"Informaci\u00f3n de Biniarroi \u00b7 Conoce el centro de la \u00edsla desde nuestra villa","og_description":"\u00bfNo has oido hablar de esta aldea? Encuentra toda la informaci\u00f3n que necesitas saber sobre Biniarroi y Mancor del Valle","og_url":"https:\/\/cankepa.com\/es\/mallorca\/biniarroi\/","og_site_name":"Ca\u00b4n Kepa","article_modified_time":"2021-05-16T16:30:53+00:00","twitter_card":"summary_large_image","twitter_misc":{"Tiempo de lectura":"3 minutos"},"schema":{"@context":"https:\/\/schema.org","@graph":[{"@type":"WebPage","@id":"https:\/\/cankepa.com\/mallorca\/biniarroi\/","url":"https:\/\/cankepa.com\/mallorca\/biniarroi\/","name":"Informaci\u00f3n de Biniarroi \u00b7 Conoce el centro de la \u00edsla desde nuestra villa","isPartOf":{"@id":"https:\/\/cankepa.com\/es\/#website"},"datePublished":"2020-08-25T14:22:05+00:00","dateModified":"2021-05-16T16:30:53+00:00","description":"\u00bfNo has oido hablar de esta aldea? Encuentra toda la informaci\u00f3n que necesitas saber sobre Biniarroi y Mancor del Valle","breadcrumb":{"@id":"https:\/\/cankepa.com\/mallorca\/biniarroi\/#breadcrumb"},"inLanguage":"es","potentialAction":[{"@type":"ReadAction","target":["https:\/\/cankepa.com\/mallorca\/biniarroi\/"]}]},{"@type":"BreadcrumbList","@id":"https:\/\/cankepa.com\/mallorca\/biniarroi\/#breadcrumb","itemListElement":[{"@type":"ListItem","position":1,"name":"Portada","item":"https:\/\/cankepa.com\/es\/"},{"@type":"ListItem","position":2,"name":"Mallorca","item":"https:\/\/cankepa.com\/mallorca\/"},{"@type":"ListItem","position":3,"name":"Mallorca &#8211; Biniarroi"}]},{"@type":"WebSite","@id":"https:\/\/cankepa.com\/es\/#website","url":"https:\/\/cankepa.com\/es\/","name":"Ca\u00b4n Kepa","description":"Rural houses &amp; villas","publisher":{"@id":"https:\/\/cankepa.com\/es\/#organization"},"potentialAction":[{"@type":"SearchAction","target":{"@type":"EntryPoint","urlTemplate":"https:\/\/cankepa.com\/es\/?s={search_term_string}"},"query-input":{"@type":"PropertyValueSpecification","valueRequired":true,"valueName":"search_term_string"}}],"inLanguage":"es"},{"@type":"Organization","@id":"https:\/\/cankepa.com\/es\/#organization","name":"Ca'n Kepa","url":"https:\/\/cankepa.com\/es\/","logo":{"@type":"ImageObject","inLanguage":"es","@id":"https:\/\/cankepa.com\/es\/#\/schema\/logo\/image\/","url":"https:\/\/cankepa.com\/wp-content\/uploads\/2020\/08\/200820-Logo-Can-Kepa-FINAL-47-1.png","contentUrl":"https:\/\/cankepa.com\/wp-content\/uploads\/2020\/08\/200820-Logo-Can-Kepa-FINAL-47-1.png","width":1278,"height":283,"caption":"Ca'n Kepa"},"image":{"@id":"https:\/\/cankepa.com\/es\/#\/schema\/logo\/image\/"}}]}},"_links":{"self":[{"href":"https:\/\/cankepa.com\/es\/wp-json\/wp\/v2\/pages\/2915"}],"collection":[{"href":"https:\/\/cankepa.com\/es\/wp-json\/wp\/v2\/pages"}],"about":[{"href":"https:\/\/cankepa.com\/es\/wp-json\/wp\/v2\/types\/page"}],"author":[{"embeddable":true,"href":"https:\/\/cankepa.com\/es\/wp-json\/wp\/v2\/users\/1"}],"replies":[{"embeddable":true,"href":"https:\/\/cankepa.com\/es\/wp-json\/wp\/v2\/comments?post=2915"}],"version-history":[{"count":14,"href":"https:\/\/cankepa.com\/es\/wp-json\/wp\/v2\/pages\/2915\/revisions"}],"predecessor-version":[{"id":4950,"href":"https:\/\/cankepa.com\/es\/wp-json\/wp\/v2\/pages\/2915\/revisions\/4950"}],"up":[{"embeddable":true,"href":"https:\/\/cankepa.com\/es\/wp-json\/wp\/v2\/pages\/47"}],"wp:attachment":[{"href":"https:\/\/cankepa.com\/es\/wp-json\/wp\/v2\/media?parent=2915"}],"curies":[{"name":"wp","href":"https:\/\/api.w.org\/{rel}","templated":true}]}}

<div class="wpb-content-wrapper"><section class="vc_section"><div class="vc_row wpb_row vc_row-fluid"><div class="wpb_column vc_column_container vc_col-sm-2"><div class="vc_column-inner"><div class="wpb_wrapper"></div></div></div><div class="wpb_column vc_column_container vc_col-sm-8"><div class="vc_column-inner"><div class="wpb_wrapper"><div class="vc_icon_element vc_icon_element-outer vc_icon_element-align-center vc_icon_element-have-style"><div class="vc_icon_element-inner vc_icon_element-color-green vc_icon_element-have-style-inner vc_icon_element-size-lg vc_icon_element-style-rounded-outline vc_icon_element-outline vc_icon_element-background-color-grey" ><span class="vc_icon_element-icon fas fa-mountain" ></span></div></div>
	<div class="wpb_text_column wpb_content_element " >
		<div class="wpb_wrapper">
			<h2 style="text-align: center;"><span style="color: #66b80f;">· Biniarroi ·</span></h2>

		</div>
	</div>

	<div class="wpb_text_column wpb_content_element " >
		<div class="wpb_wrapper">
			<h1 style="text-align: center;">La aldea deshabitada con las mejores vistas<br />
sobre el centro de Mallorca</h1>

		</div>
	</div>
</div></div></div><div class="wpb_column vc_column_container vc_col-sm-2"><div class="vc_column-inner"><div class="wpb_wrapper"></div></div></div></div></section><section class="vc_section"><div class="vc_row wpb_row vc_row-fluid"><div class="wpb_column vc_column_container vc_col-sm-2"><div class="vc_column-inner"><div class="wpb_wrapper"></div></div></div><div class="wpb_column vc_column_container vc_col-sm-8"><div class="vc_column-inner"><div class="wpb_wrapper">
	<div  class="wpb_single_image wpb_content_element vc_align_center">
		
		<figure class="wpb_wrapper vc_figure">
			<div class="vc_single_image-wrapper vc_box_circle  vc_box_border_grey"><img decoding="async" class="vc_single_image-img " src="https://cankepa.com/wp-content/uploads/2020/04/casa-de-campo-piscina-rota-na-fiola-mallorca-biniarroi-24-Can-Kepa-400x400.jpg" width="400" height="400" alt="Biniarroi y el Puig (monte) de Santa Margalida al fondo" title="Biniarroi y el Puig (monte) de Santa Margalida al fondo" loading="lazy" /></div>
		</figure>
	</div>

	<div class="wpb_text_column wpb_content_element " >
		<div class="wpb_wrapper">
			<p style="text-align: center;">Biniarroi es una antigua aldea abandonada en la sierra de Tramuntana en el centro de Mallorca.</p>
<p style="text-align: center;">Es parte del municipio de Mancor del Valle.</p>
<p style="text-align: center;">Actualmente la aldea está siendo rehabilitada para el turismo.</p>

		</div>
	</div>
</div></div></div><div class="wpb_column vc_column_container vc_col-sm-2"><div class="vc_column-inner"><div class="wpb_wrapper"></div></div></div></div></section><section class="vc_section"><div class="vc_row wpb_row vc_row-fluid"><div class="wpb_column vc_column_container vc_col-sm-2"><div class="vc_column-inner"><div class="wpb_wrapper"></div></div></div><div class="wpb_column vc_column_container vc_col-sm-8"><div class="vc_column-inner"><div class="wpb_wrapper"><div class="vc_icon_element vc_icon_element-outer vc_icon_element-align-center vc_icon_element-have-style"><div class="vc_icon_element-inner vc_icon_element-color-white vc_icon_element-have-style-inner vc_icon_element-size-lg vc_icon_element-style-rounded vc_icon_element-background vc_icon_element-background-color-juicy_pink" ><span class="vc_icon_element-icon entypo-icon entypo-icon-traffic-cone" ></span></div></div>
	<div class="wpb_text_column wpb_content_element " >
		<div class="wpb_wrapper">
			<p style="text-align: center;">Más información muy pronto.</p>

		</div>
	</div>
</div></div></div><div class="wpb_column vc_column_container vc_col-sm-2"><div class="vc_column-inner"><div class="wpb_wrapper"></div></div></div></div></section><section class="vc_section"></section>
</div>

· Biniarroi · La aldea deshabitada con las mejores vistas sobre el centro de Mallorca Biniarroi es una antigua aldea abandonada en la sierra de Tramuntana en el centro de Mallorca. Es parte del municipio de Mancor del Valle. Actualmente la aldea está siendo rehabilitada para el turismo. Más información muy pronto.

<!-- This site is optimized with the Yoast SEO plugin v23.5 - https://yoast.com/wordpress/plugins/seo/ -->
<title>Información de Biniarroi · Conoce el centro de la ísla desde nuestra villa</title>
<meta name="description" content="¿No has oido hablar de esta aldea? Encuentra toda la información que necesitas saber sobre Biniarroi y Mancor del Valle" />
<meta name="robots" content="index, follow, max-snippet:-1, max-image-preview:large, max-video-preview:-1" />
<link rel="canonical" href="https://cankepa.com/es/mallorca/biniarroi/" />
<meta property="og:locale" content="es_ES" />
<meta property="og:type" content="article" />
<meta property="og:title" content="Información de Biniarroi · Conoce el centro de la ísla desde nuestra villa" />
<meta property="og:description" content="¿No has oido hablar de esta aldea? Encuentra toda la información que necesitas saber sobre Biniarroi y Mancor del Valle" />
<meta property="og:url" content="https://cankepa.com/es/mallorca/biniarroi/" />
<meta property="og:site_name" content="Ca´n Kepa" />
<meta property="article:modified_time" content="2021-05-16T16:30:53+00:00" />
<meta name="twitter:card" content="summary_large_image" />
<meta name="twitter:label1" content="Tiempo de lectura" />
	<meta name="twitter:data1" content="3 minutos" />
<script type="application/ld+json" class="yoast-schema-graph">{"@context":"https://schema.org","@graph":[{"@type":"WebPage","@id":"https://cankepa.com/mallorca/biniarroi/","url":"https://cankepa.com/mallorca/biniarroi/","name":"Información de Biniarroi · Conoce el centro de la ísla desde nuestra villa","isPartOf":{"@id":"https://cankepa.com/es/#website"},"datePublished":"2020-08-25T14:22:05+00:00","dateModified":"2021-05-16T16:30:53+00:00","description":"¿No has oido hablar de esta aldea? Encuentra toda la información que necesitas saber sobre Biniarroi y Mancor del Valle","breadcrumb":{"@id":"https://cankepa.com/mallorca/biniarroi/#breadcrumb"},"inLanguage":"es","potentialAction":[{"@type":"ReadAction","target":["https://cankepa.com/mallorca/biniarroi/"]}]},{"@type":"BreadcrumbList","@id":"https://cankepa.com/mallorca/biniarroi/#breadcrumb","itemListElement":[{"@type":"ListItem","position":1,"name":"Portada","item":"https://cankepa.com/es/"},{"@type":"ListItem","position":2,"name":"Mallorca","item":"https://cankepa.com/mallorca/"},{"@type":"ListItem","position":3,"name":"Mallorca &#8211; Biniarroi"}]},{"@type":"WebSite","@id":"https://cankepa.com/es/#website","url":"https://cankepa.com/es/","name":"Ca´n Kepa","description":"Rural houses &amp; villas","publisher":{"@id":"https://cankepa.com/es/#organization"},"potentialAction":[{"@type":"SearchAction","target":{"@type":"EntryPoint","urlTemplate":"https://cankepa.com/es/?s={search_term_string}"},"query-input":{"@type":"PropertyValueSpecification","valueRequired":true,"valueName":"search_term_string"}}],"inLanguage":"es"},{"@type":"Organization","@id":"https://cankepa.com/es/#organization","name":"Ca'n Kepa","url":"https://cankepa.com/es/","logo":{"@type":"ImageObject","inLanguage":"es","@id":"https://cankepa.com/es/#/schema/logo/image/","url":"https://cankepa.com/wp-content/uploads/2020/08/200820-Logo-Can-Kepa-FINAL-47-1.png","contentUrl":"https://cankepa.com/wp-content/uploads/2020/08/200820-Logo-Can-Kepa-FINAL-47-1.png","width":1278,"height":283,"caption":"Ca'n Kepa"},"image":{"@id":"https://cankepa.com/es/#/schema/logo/image/"}}]}</script>
<!-- / Yoast SEO plugin. -->

Información de Biniarroi · Conoce el centro de la ísla desde nuestra villa

¿No has oido hablar de esta aldea? Encuentra toda la información que necesitas saber sobre Biniarroi y Mancor del Valle
